{"id":7064,"date":"2016-10-21T10:55:38","date_gmt":"2016-10-21T08:55:38","guid":{"rendered":"http:\/\/parafia.niepokalanow.pl\/?page_id=7064"},"modified":"2016-10-21T10:55:38","modified_gmt":"2016-10-21T08:55:38","slug":"dozynki","status":"publish","type":"page","link":"https:\/\/parafia.niepokalanow.pl\/?page_id=7064","title":{"rendered":"Do\u017cynki"},"content":{"rendered":"<section class=\"av_textblock_section \"  itemscope=\"itemscope\" itemtype=\"https:\/\/schema.org\/CreativeWork\" ><div class='avia_textblock  '   itemprop=\"text\" ><p><strong>Kolorowe i r\u00f3\u017cnorodne wie\u0144ce do\u017cynkowe przynie\u015bli so\u0142tysi i mieszka\u0144cy Gminy Teresin na uroczyste \u201eDo\u017cynki parafialne\u201d, kt\u00f3re 4 wrze\u015bnia odby\u0142y si\u0119 w Niepokalanowie.<\/strong><\/p>\n<p>Wie\u0144ce i kosze do\u017cynkowe zosta\u0142y przygotowane przez mieszka\u0144c\u00f3w wszystkich so\u0142ectw z terenu Parafii Niepokalan\u00f3w. Na pocz\u0105tku Mszy \u015bw. wszystkie dekoracje zosta\u0142y uroczy\u015bcie wniesione do bazyliki i ustawione przed o\u0142tarzem.<\/p>\n<p>Na zako\u0144czenie Mszy \u015bw. o. Proboszcz Andrzej S\u0105siadek pob\u0142ogos\u0142awi\u0142 i rozda\u0142 so\u0142tysom chleby, kt\u00f3rymi wszyscy mogli podzieli\u0107 si\u0119 po wyj\u015bciu ze \u015bwi\u0105tyni.<\/p>\n<p>Po nabo\u017ce\u0144stwie dalsze uroczysto\u015bci do\u017cynkowe odbywa\u0142y si\u0119 na placu przed bazylik\u0105. Dzi\u0119ki wielkiej mobilizacji so\u0142tys\u00f3w oraz parafian przygotowane zosta\u0142y sto\u0142y z pocz\u0119stunkiem. Gospodynie przygotowa\u0142y specjalnie na ten dzie\u0144 m. in. pyszne ciasta, w\u0119dliny i chleb. Ch\u0119tnych do pocz\u0119stunku nie brakowa\u0142o.<\/p>\n<\/div><\/section>\n<div id='av-masonry-1' class='av-masonry  noHover av-fixed-size av-1px-gap av-hover-overlay-active av-masonry-animation-active av-masonry-col-2 av-caption-always av-caption-style- av-masonry-gallery     '  ><div class='av-masonry-container isotope av-js-disabled ' ><div class='av-masonry-entry isotope-item av-masonry-item-no-image '><\/div><a href=\"https:\/\/parafia.niepokalanow.pl\/wp-content\/uploads\/2016\/10\/MG_9440.jpg\" id='av-masonry-1-item-7065' data-av-masonry-item='7065' class='av-masonry-entry isotope-item post-7065 attachment type-attachment status-inherit hentry  av-masonry-item-with-image av-grid-img' title=\"_mg_9440\"  itemprop=\"thumbnailUrl\" ><div class='av-inner-masonry-sizer'><\/div><figure class='av-inner-masonry main_color'><div class=\"av-masonry-outerimage-container\"><div class=\"av-masonry-image-container\" style=\"background-image: url(https:\/\/parafia.niepokalanow.pl\/wp-content\/uploads\/2016\/10\/MG_9440.jpg);\" title=\"_mg_9440\" ><\/div><\/div><\/figure><\/a><!--end av-masonry entry--><a href=\"https:\/\/parafia.niepokalanow.pl\/wp-content\/uploads\/2016\/10\/MG_9442.jpg\" id='av-masonry-1-item-7066' data-av-masonry-item='7066' class='av-masonry-entry isotope-item post-7066 attachment type-attachment status-inherit hentry  av-masonry-item-with-image av-grid-img' title=\"_mg_9442\"  itemprop=\"thumbnailUrl\" ><div class='av-inner-masonry-sizer'><\/div><figure class='av-inner-masonry main_color'><div class=\"av-masonry-outerimage-container\"><div class=\"av-masonry-image-container\" style=\"background-image: url(https:\/\/parafia.niepokalanow.pl\/wp-content\/uploads\/2016\/10\/MG_9442.jpg);\" title=\"_mg_9442\" ><\/div><\/div><\/figure><\/a><!--end av-masonry entry--><a href=\"https:\/\/parafia.niepokalanow.pl\/wp-content\/uploads\/2016\/10\/MG_9444.jpg\" id='av-masonry-1-item-7067' data-av-masonry-item='7067' class='av-masonry-entry isotope-item post-7067 attachment type-attachment status-inherit hentry  av-masonry-item-with-image av-grid-img' title=\"_mg_9444\"  itemprop=\"thumbnailUrl\" ><div class='av-inner-masonry-sizer'><\/div><figure class='av-inner-masonry main_color'><div class=\"av-masonry-outerimage-container\"><div class=\"av-masonry-image-container\" style=\"background-image: url(https:\/\/parafia.niepokalanow.pl\/wp-content\/uploads\/2016\/10\/MG_9444.jpg);\" title=\"_mg_9444\" ><\/div><\/div><\/figure><\/a><!--end av-masonry entry--><a href=\"https:\/\/parafia.niepokalanow.pl\/wp-content\/uploads\/2016\/10\/MG_9445.jpg\" id='av-masonry-1-item-7068' data-av-masonry-item='7068' class='av-masonry-entry isotope-item post-7068 attachment type-attachment status-inherit hentry  av-masonry-item-with-image av-grid-img' title=\"_mg_9445\"  itemprop=\"thumbnailUrl\" ><div class='av-inner-masonry-sizer'><\/div><figure class='av-inner-masonry main_color'><div class=\"av-masonry-outerimage-container\"><div class=\"av-masonry-image-container\" style=\"background-image: url(https:\/\/parafia.niepokalanow.pl\/wp-content\/uploads\/2016\/10\/MG_9445.jpg);\" title=\"_mg_9445\" ><\/div><\/div><\/figure><\/a><!--end av-masonry entry--><a href=\"https:\/\/parafia.niepokalanow.pl\/wp-content\/uploads\/2016\/10\/MG_9446.jpg\" id='av-masonry-1-item-7069' data-av-masonry-item='7069' class='av-masonry-entry isotope-item post-7069 attachment type-attachment status-inherit hentry  av-masonry-item-with-image av-grid-img' title=\"_mg_9446\"  itemprop=\"thumbnailUrl\" ><div class='av-inner-masonry-sizer'><\/div><figure class='av-inner-masonry main_color'><div class=\"av-masonry-outerimage-container\"><div class=\"av-masonry-image-container\" style=\"background-image: url(https:\/\/parafia.niepokalanow.pl\/wp-content\/uploads\/2016\/10\/MG_9446.jpg);\" title=\"_mg_9446\" ><\/div><\/div><\/figure><\/a><!--end av-masonry entry--><a href=\"https:\/\/parafia.niepokalanow.pl\/wp-content\/uploads\/2016\/10\/MG_9447.jpg\" id='av-masonry-1-item-7070' data-av-masonry-item='7070' class='av-masonry-entry isotope-item post-7070 attachment type-attachment status-inherit hentry  av-masonry-item-with-image av-grid-img' title=\"_mg_9447\"  itemprop=\"thumbnailUrl\" ><div class='av-inner-masonry-sizer'><\/div><figure class='av-inner-masonry main_color'><div class=\"av-masonry-outerimage-container\"><div class=\"av-masonry-image-container\" style=\"background-image: url(https:\/\/parafia.niepokalanow.pl\/wp-content\/uploads\/2016\/10\/MG_9447.jpg);\" title=\"_mg_9447\" ><\/div><\/div><\/figure><\/a><!--end av-masonry entry--><a href=\"https:\/\/parafia.niepokalanow.pl\/wp-content\/uploads\/2016\/10\/MG_9448.jpg\" id='av-masonry-1-item-7071' data-av-masonry-item='7071' class='av-masonry-entry isotope-item post-7071 attachment type-attachment status-inherit hentry  av-masonry-item-with-image av-grid-img' title=\"_mg_9448\"  itemprop=\"thumbnailUrl\" ><div class='av-inner-masonry-sizer'><\/div><figure class='av-inner-masonry main_color'><div class=\"av-masonry-outerimage-container\"><div class=\"av-masonry-image-container\" style=\"background-image: url(https:\/\/parafia.niepokalanow.pl\/wp-content\/uploads\/2016\/10\/MG_9448.jpg);\" title=\"_mg_9448\" ><\/div><\/div><\/figure><\/a><!--end av-masonry entry--><a href=\"https:\/\/parafia.niepokalanow.pl\/wp-content\/uploads\/2016\/10\/MG_9449.jpg\" id='av-masonry-1-item-7072' data-av-masonry-item='7072' class='av-masonry-entry isotope-item post-7072 attachment type-attachment status-inherit hentry  av-masonry-item-with-image av-grid-img' title=\"_mg_9449\"  itemprop=\"thumbnailUrl\" ><div class='av-inner-masonry-sizer'><\/div><figure class='av-inner-masonry main_color'><div class=\"av-masonry-outerimage-container\"><div class=\"av-masonry-image-container\" style=\"background-image: url(https:\/\/parafia.niepokalanow.pl\/wp-content\/uploads\/2016\/10\/MG_9449.jpg);\" title=\"_mg_9449\" ><\/div><\/div><\/figure><\/a><!--end av-masonry entry--><a href=\"https:\/\/parafia.niepokalanow.pl\/wp-content\/uploads\/2016\/10\/MG_9450.jpg\" id='av-masonry-1-item-7073' data-av-masonry-item='7073' class='av-masonry-entry isotope-item post-7073 attachment type-attachment status-inherit hentry  av-masonry-item-with-image av-grid-img' title=\"_mg_9450\"  itemprop=\"thumbnailUrl\" ><div class='av-inner-masonry-sizer'><\/div><figure class='av-inner-masonry main_color'><div class=\"av-masonry-outerimage-container\"><div class=\"av-masonry-image-container\" style=\"background-image: url(https:\/\/parafia.niepokalanow.pl\/wp-content\/uploads\/2016\/10\/MG_9450.jpg);\" title=\"_mg_9450\" ><\/div><\/div><\/figure><\/a><!--end av-masonry entry--><a href=\"https:\/\/parafia.niepokalanow.pl\/wp-content\/uploads\/2016\/10\/MG_9451.jpg\" id='av-masonry-1-item-7074' data-av-masonry-item='7074' class='av-masonry-entry isotope-item post-7074 attachment type-attachment status-inherit hentry  av-masonry-item-with-image av-grid-img' title=\"_mg_9451\"  itemprop=\"thumbnailUrl\" ><div class='av-inner-masonry-sizer'><\/div><figure class='av-inner-masonry main_color'><div class=\"av-masonry-outerimage-container\"><div class=\"av-masonry-image-container\" style=\"background-image: url(https:\/\/parafia.niepokalanow.pl\/wp-content\/uploads\/2016\/10\/MG_9451.jpg);\" title=\"_mg_9451\" ><\/div><\/div><\/figure><\/a><!--end av-masonry entry--><a href=\"https:\/\/parafia.niepokalanow.pl\/wp-content\/uploads\/2016\/10\/MG_9452.jpg\" id='av-masonry-1-item-7075' data-av-masonry-item='7075' class='av-masonry-entry isotope-item post-7075 attachment type-attachment status-inherit hentry  av-masonry-item-with-image av-grid-img' title=\"_mg_9452\"  itemprop=\"thumbnailUrl\" ><div class='av-inner-masonry-sizer'><\/div><figure class='av-inner-masonry main_color'><div class=\"av-masonry-outerimage-container\"><div class=\"av-masonry-image-container\" style=\"background-image: url(https:\/\/parafia.niepokalanow.pl\/wp-content\/uploads\/2016\/10\/MG_9452.jpg);\" title=\"_mg_9452\" ><\/div><\/div><\/figure><\/a><!--end av-masonry entry--><a href=\"https:\/\/parafia.niepokalanow.pl\/wp-content\/uploads\/2016\/10\/MG_9454.jpg\" id='av-masonry-1-item-7076' data-av-masonry-item='7076' class='av-masonry-entry isotope-item post-7076 attachment type-attachment status-inherit hentry  av-masonry-item-with-image av-grid-img' title=\"_mg_9454\"  itemprop=\"thumbnailUrl\" ><div class='av-inner-masonry-sizer'><\/div><figure class='av-inner-masonry main_color'><div class=\"av-masonry-outerimage-container\"><div class=\"av-masonry-image-container\" style=\"background-image: url(https:\/\/parafia.niepokalanow.pl\/wp-content\/uploads\/2016\/10\/MG_9454.jpg);\" title=\"_mg_9454\" ><\/div><\/div><\/figure><\/a><!--end av-masonry entry--><a href=\"https:\/\/parafia.niepokalanow.pl\/wp-content\/uploads\/2016\/10\/MG_9455.jpg\" id='av-masonry-1-item-7077' data-av-masonry-item='7077' class='av-masonry-entry isotope-item post-7077 attachment type-attachment status-inherit hentry  av-masonry-item-with-image av-grid-img' title=\"_mg_9455\"  itemprop=\"thumbnailUrl\" ><div class='av-inner-masonry-sizer'><\/div><figure class='av-inner-masonry main_color'><div class=\"av-masonry-outerimage-container\"><div class=\"av-masonry-image-container\" style=\"background-image: url(https:\/\/parafia.niepokalanow.pl\/wp-content\/uploads\/2016\/10\/MG_9455.jpg);\" title=\"_mg_9455\" ><\/div><\/div><\/figure><\/a><!--end av-masonry entry--><a href=\"https:\/\/parafia.niepokalanow.pl\/wp-content\/uploads\/2016\/10\/MG_9456.jpg\" id='av-masonry-1-item-7078' data-av-masonry-item='7078' class='av-masonry-entry isotope-item post-7078 attachment type-attachment status-inherit hentry  av-masonry-item-with-image av-grid-img' title=\"_mg_9456\"  itemprop=\"thumbnailUrl\" ><div class='av-inner-masonry-sizer'><\/div><figure class='av-inner-masonry main_color'><div class=\"av-masonry-outerimage-container\"><div class=\"av-masonry-image-container\" style=\"background-image: url(https:\/\/parafia.niepokalanow.pl\/wp-content\/uploads\/2016\/10\/MG_9456.jpg);\" title=\"_mg_9456\" ><\/div><\/div><\/figure><\/a><!--end av-masonry entry--><a href=\"https:\/\/parafia.niepokalanow.pl\/wp-content\/uploads\/2016\/10\/MG_9457.jpg\" id='av-masonry-1-item-7079' data-av-masonry-item='7079' class='av-masonry-entry isotope-item post-7079 attachment type-attachment status-inherit hentry  av-masonry-item-with-image av-grid-img' title=\"_mg_9457\"  itemprop=\"thumbnailUrl\" ><div class='av-inner-masonry-sizer'><\/div><figure class='av-inner-masonry main_color'><div class=\"av-masonry-outerimage-container\"><div class=\"av-masonry-image-container\" style=\"background-image: url(https:\/\/parafia.niepokalanow.pl\/wp-content\/uploads\/2016\/10\/MG_9457.jpg);\" title=\"_mg_9457\" ><\/div><\/div><\/figure><\/a><!--end av-masonry entry--><a href=\"https:\/\/parafia.niepokalanow.pl\/wp-content\/uploads\/2016\/10\/MG_9458.jpg\" id='av-masonry-1-item-7080' data-av-masonry-item='7080' class='av-masonry-entry isotope-item post-7080 attachment type-attachment status-inherit hentry  av-masonry-item-with-image av-grid-img' title=\"_mg_9458\"  itemprop=\"thumbnailUrl\" ><div class='av-inner-masonry-sizer'><\/div><figure class='av-inner-masonry main_color'><div class=\"av-masonry-outerimage-container\"><div class=\"av-masonry-image-container\" style=\"background-image: url(https:\/\/parafia.niepokalanow.pl\/wp-content\/uploads\/2016\/10\/MG_9458.jpg);\" title=\"_mg_9458\" ><\/div><\/div><\/figure><\/a><!--end av-masonry entry--><a href=\"https:\/\/parafia.niepokalanow.pl\/wp-content\/uploads\/2016\/10\/IMG_9461.jpg\" id='av-masonry-1-item-7081' data-av-masonry-item='7081' class='av-masonry-entry isotope-item post-7081 attachment type-attachment status-inherit hentry  av-masonry-item-with-image av-grid-img' title=\"img_9461\"  itemprop=\"thumbnailUrl\" ><div class='av-inner-masonry-sizer'><\/div><figure class='av-inner-masonry main_color'><div class=\"av-masonry-outerimage-container\"><div class=\"av-masonry-image-container\" style=\"background-image: url(https:\/\/parafia.niepokalanow.pl\/wp-content\/uploads\/2016\/10\/IMG_9461.jpg);\" title=\"img_9461\" ><\/div><\/div><\/figure><\/a><!--end av-masonry entry--><a href=\"https:\/\/parafia.niepokalanow.pl\/wp-content\/uploads\/2016\/10\/IMG_9462.jpg\" id='av-masonry-1-item-7082' data-av-masonry-item='7082' class='av-masonry-entry isotope-item post-7082 attachment type-attachment status-inherit hentry  av-masonry-item-with-image av-grid-img' title=\"img_9462\"  itemprop=\"thumbnailUrl\" ><div class='av-inner-masonry-sizer'><\/div><figure class='av-inner-masonry main_color'><div class=\"av-masonry-outerimage-container\"><div class=\"av-masonry-image-container\" style=\"background-image: url(https:\/\/parafia.niepokalanow.pl\/wp-content\/uploads\/2016\/10\/IMG_9462.jpg);\" title=\"img_9462\" ><\/div><\/div><\/figure><\/a><!--end av-masonry entry--><a href=\"https:\/\/parafia.niepokalanow.pl\/wp-content\/uploads\/2016\/10\/IMG_9463.jpg\" id='av-masonry-1-item-7083' data-av-masonry-item='7083' class='av-masonry-entry isotope-item post-7083 attachment type-attachment status-inherit hentry  av-masonry-item-with-image av-grid-img' title=\"img_9463\"  itemprop=\"thumbnailUrl\" ><div class='av-inner-masonry-sizer'><\/div><figure class='av-inner-masonry main_color'><div class=\"av-masonry-outerimage-container\"><div class=\"av-masonry-image-container\" style=\"background-image: url(https:\/\/parafia.niepokalanow.pl\/wp-content\/uploads\/2016\/10\/IMG_9463.jpg);\" title=\"img_9463\" ><\/div><\/div><\/figure><\/a><!--end av-masonry entry--><a href=\"https:\/\/parafia.niepokalanow.pl\/wp-content\/uploads\/2016\/10\/IMG_9464.jpg\" id='av-masonry-1-item-7084' data-av-masonry-item='7084' class='av-masonry-entry isotope-item post-7084 attachment type-attachment status-inherit hentry  av-masonry-item-with-image av-grid-img' title=\"img_9464\"  itemprop=\"thumbnailUrl\" ><div class='av-inner-masonry-sizer'><\/div><figure class='av-inner-masonry main_color'><div class=\"av-masonry-outerimage-container\"><div class=\"av-masonry-image-container\" style=\"background-image: url(https:\/\/parafia.niepokalanow.pl\/wp-content\/uploads\/2016\/10\/IMG_9464.jpg);\" title=\"img_9464\" ><\/div><\/div><\/figure><\/a><!--end av-masonry entry--><a href=\"https:\/\/parafia.niepokalanow.pl\/wp-content\/uploads\/2016\/10\/IMG_9465.jpg\" id='av-masonry-1-item-7085' data-av-masonry-item='7085' class='av-masonry-entry isotope-item post-7085 attachment type-attachment status-inherit hentry  av-masonry-item-with-image av-grid-img' title=\"img_9465\"  itemprop=\"thumbnailUrl\" ><div class='av-inner-masonry-sizer'><\/div><figure class='av-inner-masonry main_color'><div class=\"av-masonry-outerimage-container\"><div class=\"av-masonry-image-container\" style=\"background-image: url(https:\/\/parafia.niepokalanow.pl\/wp-content\/uploads\/2016\/10\/IMG_9465.jpg);\" title=\"img_9465\" ><\/div><\/div><\/figure><\/a><!--end av-masonry entry--><a href=\"https:\/\/parafia.niepokalanow.pl\/wp-content\/uploads\/2016\/10\/IMG_9466.jpg\" id='av-masonry-1-item-7086' data-av-masonry-item='7086' class='av-masonry-entry isotope-item post-7086 attachment type-attachment status-inherit hentry  av-masonry-item-with-image av-grid-img' title=\"img_9466\"  itemprop=\"thumbnailUrl\" ><div class='av-inner-masonry-sizer'><\/div><figure class='av-inner-masonry main_color'><div class=\"av-masonry-outerimage-container\"><div class=\"av-masonry-image-container\" style=\"background-image: url(https:\/\/parafia.niepokalanow.pl\/wp-content\/uploads\/2016\/10\/IMG_9466.jpg);\" title=\"img_9466\" ><\/div><\/div><\/figure><\/a><!--end av-masonry entry--><a href=\"https:\/\/parafia.niepokalanow.pl\/wp-content\/uploads\/2016\/10\/IMG_9467.jpg\" id='av-masonry-1-item-7087' data-av-masonry-item='7087' class='av-masonry-entry isotope-item post-7087 attachment type-attachment status-inherit hentry  av-masonry-item-with-image av-grid-img' title=\"img_9467\"  itemprop=\"thumbnailUrl\" ><div class='av-inner-masonry-sizer'><\/div><figure class='av-inner-masonry main_color'><div class=\"av-masonry-outerimage-container\"><div class=\"av-masonry-image-container\" style=\"background-image: url(https:\/\/parafia.niepokalanow.pl\/wp-content\/uploads\/2016\/10\/IMG_9467.jpg);\" title=\"img_9467\" ><\/div><\/div><\/figure><\/a><!--end av-masonry entry--><a href=\"https:\/\/parafia.niepokalanow.pl\/wp-content\/uploads\/2016\/10\/IMG_9469.jpg\" id='av-masonry-1-item-7088' data-av-masonry-item='7088' class='av-masonry-entry isotope-item post-7088 attachment type-attachment status-inherit hentry  av-masonry-item-with-image av-grid-img' title=\"img_9469\"  itemprop=\"thumbnailUrl\" ><div class='av-inner-masonry-sizer'><\/div><figure class='av-inner-masonry main_color'><div class=\"av-masonry-outerimage-container\"><div class=\"av-masonry-image-container\" style=\"background-image: url(https:\/\/parafia.niepokalanow.pl\/wp-content\/uploads\/2016\/10\/IMG_9469.jpg);\" title=\"img_9469\" ><\/div><\/div><\/figure><\/a><!--end av-masonry entry--><a href=\"https:\/\/parafia.niepokalanow.pl\/wp-content\/uploads\/2016\/10\/IMG_9471.jpg\" id='av-masonry-1-item-7089' data-av-masonry-item='7089' class='av-masonry-entry isotope-item post-7089 attachment type-attachment status-inherit hentry  av-masonry-item-with-image av-grid-img' title=\"img_9471\"  itemprop=\"thumbnailUrl\" ><div class='av-inner-masonry-sizer'><\/div><figure class='av-inner-masonry main_color'><div class=\"av-masonry-outerimage-container\"><div class=\"av-masonry-image-container\" style=\"background-image: url(https:\/\/parafia.niepokalanow.pl\/wp-content\/uploads\/2016\/10\/IMG_9471.jpg);\" title=\"img_9471\" ><\/div><\/div><\/figure><\/a><!--end av-masonry entry--><a href=\"https:\/\/parafia.niepokalanow.pl\/wp-content\/uploads\/2016\/10\/IMG_9472.jpg\" id='av-masonry-1-item-7090' data-av-masonry-item='7090' class='av-masonry-entry isotope-item post-7090 attachment type-attachment status-inherit hentry  av-masonry-item-with-image av-grid-img' title=\"img_9472\"  itemprop=\"thumbnailUrl\" ><div class='av-inner-masonry-sizer'><\/div><figure class='av-inner-masonry main_color'><div class=\"av-masonry-outerimage-container\"><div class=\"av-masonry-image-container\" style=\"background-image: url(https:\/\/parafia.niepokalanow.pl\/wp-content\/uploads\/2016\/10\/IMG_9472.jpg);\" title=\"img_9472\" ><\/div><\/div><\/figure><\/a><!--end av-masonry entry--><a href=\"https:\/\/parafia.niepokalanow.pl\/wp-content\/uploads\/2016\/10\/IMG_9473.jpg\" id='av-masonry-1-item-7091' data-av-masonry-item='7091' class='av-masonry-entry isotope-item post-7091 attachment type-attachment status-inherit hentry  av-masonry-item-with-image av-grid-img' title=\"img_9473\"  itemprop=\"thumbnailUrl\" ><div class='av-inner-masonry-sizer'><\/div><figure class='av-inner-masonry main_color'><div class=\"av-masonry-outerimage-container\"><div class=\"av-masonry-image-container\" style=\"background-image: url(https:\/\/parafia.niepokalanow.pl\/wp-content\/uploads\/2016\/10\/IMG_9473.jpg);\" title=\"img_9473\" ><\/div><\/div><\/figure><\/a><!--end av-masonry entry--><\/div><\/div>\n","protected":false},"excerpt":{"rendered":"","protected":false},"author":1,"featured_media":0,"parent":0,"menu_order":0,"comment_status":"closed","ping_status":"closed","template":"","meta":{"footnotes":""},"class_list":["post-7064","page","type-page","status-publish","hentry"],"_links":{"self":[{"href":"https:\/\/parafia.niepokalanow.pl\/index.php?rest_route=\/wp\/v2\/pages\/7064","targetHints":{"allow":["GET"]}}],"collection":[{"href":"https:\/\/parafia.niepokalanow.pl\/index.php?rest_route=\/wp\/v2\/pages"}],"about":[{"href":"https:\/\/parafia.niepokalanow.pl\/index.php?rest_route=\/wp\/v2\/types\/page"}],"author":[{"embeddable":true,"href":"https:\/\/parafia.niepokalanow.pl\/index.php?rest_route=\/wp\/v2\/users\/1"}],"replies":[{"embeddable":true,"href":"https:\/\/parafia.niepokalanow.pl\/index.php?rest_route=%2Fwp%2Fv2%2Fcomments&post=7064"}],"version-history":[{"count":0,"href":"https:\/\/parafia.niepokalanow.pl\/index.php?rest_route=\/wp\/v2\/pages\/7064\/revisions"}],"wp:attachment":[{"href":"https:\/\/parafia.niepokalanow.pl\/index.php?rest_route=%2Fwp%2Fv2%2Fmedia&parent=7064"}],"curies":[{"name":"wp","href":"https:\/\/api.w.org\/{rel}","templated":true}]}}