{"id":3870,"date":"2015-11-13T17:54:50","date_gmt":"2015-11-13T16:54:50","guid":{"rendered":"http:\/\/serwer1310789.home.pl\/parafia\/?page_id=3870"},"modified":"2025-11-21T09:44:00","modified_gmt":"2025-11-21T08:44:00","slug":"schola-dziecieca","status":"publish","type":"page","link":"https:\/\/parafia.niepokalanow.pl\/?page_id=3870","title":{"rendered":"Schola dzieci\u0119ca"},"content":{"rendered":"<div id='av_section_1'  class='avia-section main_color avia-section-default avia-no-shadow  avia-bg-style-scroll  avia-builder-el-0  el_before_av_section  avia-builder-el-first   container_wrap sidebar_right' style=' '  ><div class='container' ><main  role=\"main\" itemprop=\"mainContentOfPage\"  class='template-page content  av-content-small alpha units'><div class='post-entry post-entry-type-page post-entry-3870'><div class='entry-content-wrapper clearfix'>\n<div class=\"flex_column av_one_half  flex_column_div av-zero-column-padding first  avia-builder-el-1  el_before_av_one_half  avia-builder-el-first  \" style='border-radius:0px; '><section class=\"av_textblock_section \"  itemscope=\"itemscope\" itemtype=\"https:\/\/schema.org\/CreativeWork\" ><div class='avia_textblock  '   itemprop=\"text\" ><p><a href=\"http:\/\/serwer1310789.home.pl\/parafia\/wp-content\/uploads\/2015\/11\/Coro-Bambini.png\"><img loading=\"lazy\" decoding=\"async\" class=\"aligncenter size-full wp-image-3871\" src=\"http:\/\/serwer1310789.home.pl\/parafia\/wp-content\/uploads\/2015\/11\/Coro-Bambini.png\" alt=\"Coro-Bambini\" width=\"183\" height=\"231\" \/><\/a><\/p>\n<\/div><\/section><\/div><div class=\"flex_column av_one_half  flex_column_div av-zero-column-padding   avia-builder-el-3  el_after_av_one_half  avia-builder-el-last  \" style='border-radius:0px; '><section class=\"av_textblock_section \"  itemscope=\"itemscope\" itemtype=\"https:\/\/schema.org\/CreativeWork\" ><div class='avia_textblock  '   itemprop=\"text\" ><h1>Schola dzieci\u0119ca<\/h1>\n<p>DUSZPASTERZ<\/p>\n<p><span style=\"color: #33cccc;\">O. Piotr Socha<\/span><\/p>\n<p>PROWADZ\u0104CA<\/p>\n<p><span style=\"color: #33cccc;\">S. Vianeya Szwarocka<\/span><\/p>\n<\/div><\/section><\/div><\/div><\/div><\/main><!-- close content main element --><\/div><\/div><div id='av_section_2'  class='avia-section main_color avia-section-no-padding avia-no-border-styling  avia-bg-style-scroll  avia-builder-el-5  el_after_av_section  el_before_av_textblock   container_wrap sidebar_right' style=' '  ><div class='container' ><div class='template-page content  av-content-small alpha units'><div class='post-entry post-entry-type-page post-entry-3870'><div class='entry-content-wrapper clearfix'>\n<div  style='padding-bottom:0px; ' class='av-special-heading av-special-heading-h3  blockquote modern-quote  avia-builder-el-6  avia-builder-el-no-sibling  '><h3 class='av-special-heading-tag '  itemprop=\"headline\"  >Ka\u017cdy z nas nosi w sobie diament. Wystarczy go odkry\u0107 i piel\u0119gnowa\u0107. Wystarczy odrobina ch\u0119ci i nieco wi\u0119cej pracy. <\/h3><div class='special-heading-border'><div class='special-heading-inner-border' ><\/div><\/div><\/div>\n<\/div><\/div><\/div><!-- close content main div --><\/div><\/div><div id='after_section_2'  class='main_color av_default_container_wrap container_wrap sidebar_right' style=' '  ><div class='container' ><div class='template-page content  av-content-small alpha units'><div class='post-entry post-entry-type-page post-entry-3870'><div class='entry-content-wrapper clearfix'><\/p>\n<section class=\"av_textblock_section \"  itemscope=\"itemscope\" itemtype=\"https:\/\/schema.org\/CreativeWork\" ><div class='avia_textblock  '   itemprop=\"text\" ><p>G\u0142\u00f3wnym celem scholi jest kszta\u0142towanie aktywnej \u017cyciowej postawy opartej<\/p>\n<p>na chrze\u015bcija\u0144skich warto\u015bciach, pobudzanie i rozwijanie wyobra\u017ani, umiej\u0119tno\u015bci muzyczno \u2013 wokalnych oraz rozwijanie umiej\u0119tno\u015bci pracy w zespole.<\/p>\n<p>Znajomo\u015b\u0107 pie\u015bni liturgicznych i piosenek religijnych zwi\u0105zanych z okresem liturgicznym w Ko\u015bciele oraz aktywne uczestnictwo w Mszach \u015bwi\u0119tych sprzyja:<\/p>\n<ul>\n<li>duchowej formacji mobilizuj\u0105cej dzieci do autentycznego chrze\u015bcija\u0144skiego \u015bwiadectwa,<\/li>\n<li>rozwijaniu umiej\u0119tno\u015bci ewangelizowania r\u00f3wie\u015bnik\u00f3w poprzez g\u0142oszenie Ewangelii w piosence,<\/li>\n<li>kszta\u0142towaniu postawy rado\u015bci i odpowiedzialno\u015bci za swoj\u0105 wsp\u00f3lnot\u0119.<\/li>\n<\/ul>\n<p style=\"text-align: center;\"><strong><em>Serdecznie zapraszamy<\/em><\/strong><\/p>\n<p style=\"text-align: center;\"><strong>na spotkania scholi dzieci\u0119cej, kt\u00f3re odbywaj\u0105 si\u0119 w Domu Parafialnym<\/strong><\/p>\n<p style=\"text-align: center;\"><strong>w pi\u0105tki w godz. 17<sup>30<\/sup> \u2013 19<sup>00<\/sup>.<\/strong><\/p>\n<p style=\"text-align: center;\"><strong>W niedziel\u0119 o godz. 11<sup>00 <\/sup>rozpoczynamy pr\u00f3b\u0119 \u015bpiewu w Bazylice,<\/strong><\/p>\n<p style=\"text-align: center;\"><strong>po kt\u00f3rej uczestniczymy we Mszy \u015bwi\u0119tej o godz. 11<sup>30<\/sup>.<\/strong><\/p>\n<p><a href=\"https:\/\/parafia.niepokalanow.pl\/wp-content\/uploads\/2022\/12\/received_639783694209461.jpeg\"><img loading=\"lazy\" decoding=\"async\" class=\"size-medium wp-image-16582 aligncenter\" src=\"https:\/\/parafia.niepokalanow.pl\/wp-content\/uploads\/2022\/12\/received_639783694209461-279x300.jpeg\" alt=\"\" width=\"279\" height=\"300\" srcset=\"https:\/\/parafia.niepokalanow.pl\/wp-content\/uploads\/2022\/12\/received_639783694209461-279x300.jpeg 279w, https:\/\/parafia.niepokalanow.pl\/wp-content\/uploads\/2022\/12\/received_639783694209461-958x1030.jpeg 958w, https:\/\/parafia.niepokalanow.pl\/wp-content\/uploads\/2022\/12\/received_639783694209461-768x826.jpeg 768w, https:\/\/parafia.niepokalanow.pl\/wp-content\/uploads\/2022\/12\/received_639783694209461-655x705.jpeg 655w, https:\/\/parafia.niepokalanow.pl\/wp-content\/uploads\/2022\/12\/received_639783694209461.jpeg 1152w\" sizes=\"auto, (max-width: 279px) 100vw, 279px\" \/><\/a><\/p>\n<\/div><\/section>\n<div class=\"flex_column av_one_half  flex_column_div av-zero-column-padding first  avia-builder-el-8  el_after_av_textblock  el_before_av_one_half  column-top-margin\" style='border-radius:0px; '><\/div>\n<div class=\"flex_column av_one_half  flex_column_div av-zero-column-padding   avia-builder-el-9  el_after_av_one_half  el_before_av_one_half  column-top-margin\" style='border-radius:0px; '><\/div>\n<div class=\"flex_column av_one_half  flex_column_div av-zero-column-padding first  avia-builder-el-10  el_after_av_one_half  avia-builder-el-last  column-top-margin\" style='border-radius:0px; '><\/div>\n","protected":false},"excerpt":{"rendered":"","protected":false},"author":1,"featured_media":0,"parent":0,"menu_order":0,"comment_status":"closed","ping_status":"closed","template":"","meta":{"footnotes":""},"class_list":["post-3870","page","type-page","status-publish","hentry"],"_links":{"self":[{"href":"https:\/\/parafia.niepokalanow.pl\/index.php?rest_route=\/wp\/v2\/pages\/3870","targetHints":{"allow":["GET"]}}],"collection":[{"href":"https:\/\/parafia.niepokalanow.pl\/index.php?rest_route=\/wp\/v2\/pages"}],"about":[{"href":"https:\/\/parafia.niepokalanow.pl\/index.php?rest_route=\/wp\/v2\/types\/page"}],"author":[{"embeddable":true,"href":"https:\/\/parafia.niepokalanow.pl\/index.php?rest_route=\/wp\/v2\/users\/1"}],"replies":[{"embeddable":true,"href":"https:\/\/parafia.niepokalanow.pl\/index.php?rest_route=%2Fwp%2Fv2%2Fcomments&post=3870"}],"version-history":[{"count":0,"href":"https:\/\/parafia.niepokalanow.pl\/index.php?rest_route=\/wp\/v2\/pages\/3870\/revisions"}],"wp:attachment":[{"href":"https:\/\/parafia.niepokalanow.pl\/index.php?rest_route=%2Fwp%2Fv2%2Fmedia&parent=3870"}],"curies":[{"name":"wp","href":"https:\/\/api.w.org\/{rel}","templated":true}]}}