{"id":374,"date":"2025-02-02T15:14:32","date_gmt":"2025-02-02T14:14:32","guid":{"rendered":"http:\/\/test.kriesi.at\/church\/?page_id=374"},"modified":"2025-12-29T09:39:48","modified_gmt":"2025-12-29T08:39:48","slug":"our-mission","status":"publish","type":"page","link":"https:\/\/parafia.niepokalanow.pl\/?page_id=374","title":{"rendered":"Nabo\u017ce\u0144stwa"},"content":{"rendered":"<div id='av_section_1'  class='avia-section main_color avia-section-large avia-no-shadow  avia-full-stretch av-section-color-overlay-active avia-bg-style-fixed  avia-builder-el-0  el_before_av_section  avia-builder-el-first   container_wrap sidebar_right' style='background-repeat: no-repeat; background-image: url(https:\/\/parafia.niepokalanow.pl\/wp-content\/uploads\/2025\/02\/Niepokalanow-basilica-fc99.jpg);background-attachment: fixed; background-position: center center;  '  data-section-bg-repeat='stretch'><div class='av-section-color-overlay-wrap'><div class='av-section-color-overlay' style='opacity: 0.2; background-color: #000000; '><\/div><div class='container' ><main  role=\"main\" itemprop=\"mainContentOfPage\"  class='template-page content  av-content-small alpha units'><div class='post-entry post-entry-type-page post-entry-374'><div class='entry-content-wrapper clearfix'>\n<div  style='padding-bottom:0px; color:#ffffff;font-size:50px;' class='av-special-heading av-special-heading-h3 custom-color-heading blockquote modern-quote modern-centered  avia-builder-el-1  el_before_av_hr  avia-builder-el-first  av-inherit-size '><h3 class='av-special-heading-tag '  itemprop=\"headline\"  >Nabo\u017ce\u0144stwa<\/h3><div class ='av-subheading av-subheading_below av_custom_color ' style='font-size:15px;'><p>Harmonogram nabo\u017ce\u0144stw<\/p>\n<\/div><div class='special-heading-border'><div class='special-heading-inner-border' style='border-color:#ffffff'><\/div><\/div><\/div>\n<div  style=' margin-top:30px; margin-bottom:30px;'  class='hr hr-custom hr-center hr-icon-yes   avia-builder-el-2  el_after_av_heading  avia-builder-el-last '><span class='hr-inner  inner-border-av-border-thin' style=' width:20%; border-color:rgba(255,255,255,0.76); max-width:45%;' ><span class='hr-inner-style'><\/span><\/span><span class='av-seperator-icon' style='color:#ffffff;' aria-hidden='true' data-av_icon='\ue8bf' data-av_iconfont='entypo-fontello'><\/span><span class='hr-inner  inner-border-av-border-thin' style=' width:20%; border-color:rgba(255,255,255,0.76); max-width:45%;' ><span class='hr-inner-style'><\/span><\/span><\/div>\n\n<\/div><\/div><\/main><!-- close content main element --><\/div><\/div><\/div><div id='av_section_2'  class='avia-section main_color avia-section-small avia-no-border-styling  avia-bg-style-fixed  avia-builder-el-3  el_after_av_section  avia-builder-el-last   container_wrap sidebar_right' style=' '  ><div class='container' ><div class='template-page content  av-content-small alpha units'><div class='post-entry post-entry-type-page post-entry-374'><div class='entry-content-wrapper clearfix'>\n<div class='flex_column_table av-equal-height-column-flextable -flextable' style='margin-top:-60px; margin-bottom:0px; '><div class=\"flex_column av_two_third  no_margin flex_column_table_cell av-equal-height-column av-align-top first  avia-builder-el-4  el_before_av_one_third  avia-builder-el-first  \" style='padding:30px; background-color:#ffffff; border-radius:0px; '><p><div  style='padding-bottom:0px; ' class='av-special-heading av-special-heading-h3  blockquote modern-quote  avia-builder-el-5  el_before_av_textblock  avia-builder-el-first  '><h3 class='av-special-heading-tag '  itemprop=\"headline\"  >Sprawd\u017a godziny nabo\u017ce\u0144stw<\/h3><div class='special-heading-border'><div class='special-heading-inner-border' ><\/div><\/div><\/div><br \/>\n<section class=\"av_textblock_section \"  itemscope=\"itemscope\" itemtype=\"https:\/\/schema.org\/CreativeWork\" ><div class='avia_textblock  '  style='font-size:16px; '  itemprop=\"text\" ><p>Porz\u0105dek sprawowania nabo\u017ce\u0144stw w\u00a0naszym Sanktuarium.<\/p>\n<\/div><\/section><br \/>\n<div  style=' margin-top:30px; margin-bottom:30px;'  class='hr hr-custom hr-center hr-icon-yes   avia-builder-el-7  el_after_av_textblock  el_before_av_textblock '><span class='hr-inner  inner-border-av-border-thin' style=' width:45%; max-width:45%;' ><span class='hr-inner-style'><\/span><\/span><span class='av-seperator-icon'  aria-hidden='true' data-av_icon='\ue8bf' data-av_iconfont='entypo-fontello'><\/span><span class='hr-inner  inner-border-av-border-thin' style=' width:45%; max-width:45%;' ><span class='hr-inner-style'><\/span><\/span><\/div><br \/>\n<section class=\"av_textblock_section \"  itemscope=\"itemscope\" itemtype=\"https:\/\/schema.org\/CreativeWork\" ><div class='avia_textblock  '   itemprop=\"text\" ><\/div><\/section><br \/>\n<div  class='avia-icon-list-container   avia-builder-el-9  el_after_av_textblock  el_before_av_textblock '><ul class='avia-icon-list avia-icon-list-left av-iconlist-big avia_animate_when_almost_visible avia-iconlist-animate'>\n<li><div  class='iconlist_icon  avia-font-entypo-fontello'><span class='iconlist-char ' aria-hidden='true' data-av_icon='\ue806' data-av_iconfont='entypo-fontello'><\/span><\/div><article class=\"article-icon-entry \"  itemscope=\"itemscope\" itemtype=\"https:\/\/schema.org\/CreativeWork\" ><div class='iconlist_content_wrap'><header class=\"entry-content-header\"><h4 class='av_iconlist_title iconlist_title   '  itemprop=\"headline\"  >Bazylika pw. Niepokalanej Wszechpo\u015bredniczki \u0141ask<\/h4><\/header><div class='iconlist_content  '  itemprop=\"text\"  ><hr \/>\n<ul>\n<li><strong>Msze \u015bw. w niedziele:<\/strong><br \/>\n6:00, 7:00, 8:30, 10:00, 11:30, 13:00, 16:00, 18:00<\/li>\n<\/ul>\n<hr \/>\n<ul>\n<li><strong>Msze \u015bw. w soboty i uroczysto\u015bci lokalne:<\/strong> 6:00, 8:00, 9:30, 11:00, 18:00<\/li>\n<\/ul>\n<hr \/>\n<ul>\n<li><strong>Msze \u015bw. w pozosta\u0142e dni:<\/strong> 6:00, 8:00, 11:00, 18:00<\/li>\n<\/ul>\n<hr \/>\n<ul>\n<li><strong>Msza \u015bw. z modlitw\u0105 o uzdrowienie:<\/strong> ostatnia niedziela miesi\u0105ca o godz. 18.00<\/li>\n<\/ul>\n<hr \/>\n<ul>\n<li><strong>Nabo\u017ce\u0144stwa majowe, czerwcowe i pa\u017adziernikowe:<\/strong> 18:30 (w niedziele: 17:00)<\/li>\n<\/ul>\n<hr \/>\n<ul>\n<li><strong>Nabo\u017ce\u0144stwa niedzielne:<\/strong> 17:00<\/li>\n<\/ul>\n<hr \/>\n<ul>\n<li><strong>Nabo\u017ce\u0144stwa wypominkowe:<\/strong> listopad &#8211; 17:30 (opr\u00f3cz niedzieli)<\/li>\n<\/ul>\n<hr \/>\n<div style=\"text-align: center;\"><strong>Odpust<\/strong><\/div>\n<ul>\n<li>14 sierpnia &#8211; Uroczysto\u015b\u0107 \u015bw. Maksymiliana, za\u0142o\u017cyciela Niepokalanowa.<br \/>\nkaplica \u015bw. Maksymiliana &#8211; \u00a07:00<\/li>\n<li>15 sierpnia &#8211; Uroczysto\u015b\u0107 Wniebowzi\u0119cia NMP.<br \/>\nMsze \u015bw.: (bazylika) 6:00, 7:00, 8:30, 10:00, 13:00, 16:00 i 18:00<br \/>\n(o\u0142tarz polowy) 11:30 &#8211; suma odpustowa<\/li>\n<li>8 grudnia &#8211; Uroczysto\u015b\u0107 Niepokalanego Pocz\u0119cia NMP<\/li>\n<\/ul>\n<hr \/>\n<\/div><\/div><footer class=\"entry-footer\"><\/footer><\/article><div class='iconlist-timeline'><\/div><\/li>\n<li><div  class='iconlist_icon  avia-font-entypo-fontello'><span class='iconlist-char ' aria-hidden='true' data-av_icon='\ue821' data-av_iconfont='entypo-fontello'><\/span><\/div><article class=\"article-icon-entry \"  itemscope=\"itemscope\" itemtype=\"https:\/\/schema.org\/CreativeWork\" ><div class='iconlist_content_wrap'><header class=\"entry-content-header\"><h4 class='av_iconlist_title iconlist_title   '  itemprop=\"headline\"  >Kaplica filialna w Budkach Piaseckich pw. b\u0142. Rafa\u0142a Chyli\u0144skiego<\/h4><\/header><div class='iconlist_content  '  itemprop=\"text\"  ><hr \/>\n<p><strong>Msza \u015bw. w niedziel\u0119:<\/strong>\u00a0godz. 10.00<\/p>\n<hr \/>\n<p><strong>Msza \u015bw. w pierwszy pi\u0105tek miesi\u0105ca:<\/strong> godz. 17.00<\/p>\n<hr \/>\n<p><strong>Odpust:<\/strong>\u00a02 grudnia<\/p>\n<hr \/>\n<\/div><\/div><footer class=\"entry-footer\"><\/footer><\/article><div class='iconlist-timeline'><\/div><\/li>\n<li><div  class='iconlist_icon  avia-font-entypo-fontello'><span class='iconlist-char ' aria-hidden='true' data-av_icon='\ue80b' data-av_iconfont='entypo-fontello'><\/span><\/div><article class=\"article-icon-entry \"  itemscope=\"itemscope\" itemtype=\"https:\/\/schema.org\/CreativeWork\" ><div class='iconlist_content_wrap'><header class=\"entry-content-header\"><h4 class='av_iconlist_title iconlist_title   '  itemprop=\"headline\"  >Kaplica - Sanktuarium \u015bw. Maksymiliana Kolbego<\/h4><\/header><div class='iconlist_content  '  itemprop=\"text\"  ><hr \/>\n<ul>\n<li><strong>Msza \u015bw. w dni powszednie i niedziele:<\/strong> godz. 7.00<\/li>\n<\/ul>\n<hr \/>\n<ul>\n<li><strong>Msze \u015bw. (dla zorganizowanych grup):<\/strong> tel. 46 864 21 98<\/li>\n<\/ul>\n<hr \/>\n<ul>\n<li><strong>Msza \u015bw. wieczorna sobotnia:<\/strong> godz. 18.00, a po niej nabo\u017ce\u0144stwo<\/li>\n<\/ul>\n<hr \/>\n<ul>\n<li><strong>Koronka do Mi\u0142osierdzia Bo\u017cego:<\/strong> codziennie o godz. 15.00<\/li>\n<\/ul>\n<hr \/>\n<\/div><\/div><footer class=\"entry-footer\"><\/footer><\/article><div class='iconlist-timeline'><\/div><\/li>\n<\/ul><\/div><br \/>\n<section class=\"av_textblock_section \"  itemscope=\"itemscope\" itemtype=\"https:\/\/schema.org\/CreativeWork\" ><div class='avia_textblock  '   itemprop=\"text\" ><\/div><\/section><\/p><\/div><div class=\"flex_column av_one_third  no_margin flex_column_table_cell av-equal-height-column av-align-top   avia-builder-el-11  el_after_av_two_third  avia-builder-el-last  \" style='padding:30px; background-color:#f0f0f0; border-radius:0px; '><p><br \/>\n<section class=\"av_textblock_section \"  itemscope=\"itemscope\" itemtype=\"https:\/\/schema.org\/CreativeWork\" ><div class='avia_textblock  '   itemprop=\"text\" ><p><i>Poza liturgi\u0105 \u017cycie chrze\u015bcija\u0144skie jest podtrzymywane przez r\u00f3\u017cne formy pobo\u017cno\u015bci ludowej, zakorzenione w rozmaitych kulturach. Ko\u015bci\u00f3\u0142 popiera formy religijno\u015bci ludowej, wyra\u017caj\u0105ce zmys\u0142 ewangeliczny i ludzk\u0105 m\u0105dro\u015b\u0107, wzbogacaj\u0105ce \u017cycie chrze\u015bcija\u0144skie, ale r\u00f3wnocze\u015bnie czuwa, by je roz\u015bwietla\u0107 \u015bwiat\u0142em wiary. (KKK 1679)<\/i><\/p>\n<\/div><\/section><br \/>\n<div  style=' margin-top:30px; margin-bottom:30px;'  class='hr hr-custom hr-center hr-icon-yes   avia-builder-el-14  el_after_av_textblock  el_before_av_animated_numbers '><span class='hr-inner  inner-border-av-border-thin' style=' width:45%; max-width:45%;' ><span class='hr-inner-style'><\/span><\/span><span class='av-seperator-icon'  aria-hidden='true' data-av_icon='\ue8bf' data-av_iconfont='entypo-fontello'><\/span><span class='hr-inner  inner-border-av-border-thin' style=' width:45%; max-width:45%;' ><span class='hr-inner-style'><\/span><\/span><\/div><br \/>\n<div  class=\"avia-animated-number av-force-default-color  avia-color-  avia-builder-el-15  el_after_av_hr  avia-builder-el-last  avia_animate_when_visible\"  data-timer=\"3000\"><strong class=\"heading avia-animated-number-title\" ><\/strong><div class='avia-animated-number-content' ><\/div><\/div><\/p><\/div><\/div><!--close column table wrapper. Autoclose: 1 --><\/div><\/div><\/div><!-- close content main div --><\/div><\/div><div id='after_section_2'  class='main_color av_default_container_wrap container_wrap sidebar_right' style=' '  ><div class='container' ><div class='template-page content  av-content-small alpha units'><div class='post-entry post-entry-type-page post-entry-374'><div class='entry-content-wrapper clearfix'>\n","protected":false},"excerpt":{"rendered":"","protected":false},"author":1,"featured_media":0,"parent":96,"menu_order":0,"comment_status":"open","ping_status":"open","template":"","meta":{"footnotes":""},"class_list":["post-374","page","type-page","status-publish","hentry"],"_links":{"self":[{"href":"https:\/\/parafia.niepokalanow.pl\/index.php?rest_route=\/wp\/v2\/pages\/374","targetHints":{"allow":["GET"]}}],"collection":[{"href":"https:\/\/parafia.niepokalanow.pl\/index.php?rest_route=\/wp\/v2\/pages"}],"about":[{"href":"https:\/\/parafia.niepokalanow.pl\/index.php?rest_route=\/wp\/v2\/types\/page"}],"author":[{"embeddable":true,"href":"https:\/\/parafia.niepokalanow.pl\/index.php?rest_route=\/wp\/v2\/users\/1"}],"replies":[{"embeddable":true,"href":"https:\/\/parafia.niepokalanow.pl\/index.php?rest_route=%2Fwp%2Fv2%2Fcomments&post=374"}],"version-history":[{"count":0,"href":"https:\/\/parafia.niepokalanow.pl\/index.php?rest_route=\/wp\/v2\/pages\/374\/revisions"}],"up":[{"embeddable":true,"href":"https:\/\/parafia.niepokalanow.pl\/index.php?rest_route=\/wp\/v2\/pages\/96"}],"wp:attachment":[{"href":"https:\/\/parafia.niepokalanow.pl\/index.php?rest_route=%2Fwp%2Fv2%2Fmedia&parent=374"}],"curies":[{"name":"wp","href":"https:\/\/api.w.org\/{rel}","templated":true}]}}